 145*r - 29. Let i be j(13). Suppose -27313 - 17279 = 3*z + 4*f, -3*z - 44592 = -f. Is (-3)/((-45)/i) - z/20 a prime number?
True
Let q(f) = 3103*f**3 + f**2 + 83*f - 404. Is q(5) composite?
False
Let h = -3139 - -1561. Let y(j) = -564*j + 7. Let x be y(-5). Let k = h + x. Is k a prime number?
True
Let g(f) = 472*f**2 - 408*f - 1. Is g(-3) a composite number?
False
Let a be -2 + 1 - (-42)/14. Suppose a*v + 11*v = 13. Is ((-16)/48)/((-2392)/2391 + v) a prime number?
True
Suppose 4*w - h + 103 = 0, w + 3*h + 123 = -3*w. Let j = -24 - w. Let r = 71 + j. Is r a composite number?
True
Suppose -24*d = 17*d - 5*d - 1657764. Is d composite?
False
Let q(o) be the first derivative of o**3/3 + 13*o**2/2 + 21*o - 122. Is q(7) a prime number?
False
Let c(l) = -l**3 + 4*l**2 + l - 1. Let h be c(5). Let g = h + 23. Suppose -g*z + 5*z = 753. Is z prime?
True
Suppose -99408 = 6*b - 362352. Suppose -40*y + b = -23656. Is y a prime number?
False
Suppose 0 = -6*o + 2 - 26. Let r be (0 - 26/o)*6. Suppose -r*c + 44*c - 2435 = 0. Is c prime?
True
Let q be (-104)/(-78) - 31628/(-3). Suppose -10*k - q = -30054. Is k a composite number?
False
Let c(x) = -x**3 + 24*x**2 + 26*x - 25. Let r be c(25). Let j(p) = -p**3 + 7*p + 481. Is j(r) prime?
False
Suppose 5*s - 5 = 4*s. Suppose s*o + 3*y = -26 + 346, 5*y = 0. Let l = o - -157. Is l a prime number?
False
Let r be (-1291 + (-4 - -2))*2/6. Let y = r + 733. Suppose 4*p = -w - w + y, -3*w + 421 = -2*p. Is w a composite number?
True
Suppose g + 101*t - 14675 = 99*t, 3*g - 44037 = -3*t. Is g prime?
True
Suppose 3167*f - 57799133 = 3048*f. Is f a prime number?
False
Let a(d) = 1424*d**2 - 56*d + 223. Is a(4) a composite number?
False
Let l = 6 - 32. Let x = l + 0. Is (x/(-4))/((-1)/2 + 1) a prime number?
True
Let g(q) = 55*q**2 - 19*q - 19. Let y be g(-9). Suppose -2348 = -5*z + 2677. Suppose y = 2*w + z. Is w a composite number?
False
Is (-48)/80*-30*(-2)/(-4) + 20132 prime?
False
Suppose -2*z + 207661 = -72005 - 99836. Is z a composite number?
True
Suppose -4*n = -4, 5*n = -2*b + 4*n - 4649. Let o = b - -3302. Is o a prime number?
True
Suppose l + 4*z - 123937 = 0, -5*l + 0*z + 2*z = -619773. Is l a composite number?
False
Suppose -12*m = -10*m - 16. Suppose -13*z = -m*z. Suppose z = -3*p + 2*i + 1525, -4*p - i - 2*i + 2056 = 0. Is p a composite number?
True
Suppose -44452 - 44303 = -d + 2*v, 4*d = 2*v + 354978. Is d a prime number?
True
Let z be (2 - 1) + (6 - 5). Suppose 3*p = -5*v + 12529, -3*v - 12553 = -3*p - z*v. Is p composite?
True
Let d = -416 + 5167. Is d composite?
False
Let h = -121 + 135. Let d(o) = 86*o - 65. Is d(h) composite?
True
Let y = 1299911 + -772980. Is y composite?
False
Let c = -197603 - -359010. Is c prime?
True
Let b(a) = a**3 - 25*a**2 + 8*a + 212723. Is b(0) a prime number?
False
Suppose 4*v - 1 = i - 14, 5*i + 3*v = 19. Suppose -2*h = -t - 12, -i*h = 5*t - 4*h + 104. Is (-4455)/t - (-3 + 33/12) a composite number?
False
Let s(k) = 1237*k**2 + 81*k + 1303. Is s(-15) a prime number?
True
Let q = 2216 + 10243. Suppose -17951 = -10*r + q. Is r composite?
False
Let g = 15545 + 30222. Is g a prime number?
True
Let x(a) = -26*a**3 - 17*a**2 - 39*a - 139. Is x(-21) prime?
True
Let a(i) = 2*i**3 - 3*i**2 + 2. Let v be a(2). Suppose 3*r = -2*s + 6493, v*s - 7*s = 5*r - 10831. Is r composite?
True
Let h(w) = 53 + 7 + 129*w - 120*w + 26. Is h(5) a composite number?
False
Let d be 4/(-3) - 7/(84/(-16)). Let l be (1 - d)/(3*4/48). Suppose t - 6*t + 1579 = l*p, -3*t = -2*p - 965. Is t a composite number?
True
Let p = -123053 - -277044. Is p a composite number?
False
Suppose -52 = -16*m + 29*m. Let s(w) = -250*w + 43. Is s(m) a prime number?
False
Suppose 26*o + 91*o = 21*o + 42471456. Is o prime?
False
Suppose 4 = 2*x, 601*m = 606*m - 4*x - 500307. Is m prime?
False
Let k be (6/(-12))/(3/18). Let q be k/2*(-84)/9. Let t(g) = 19*g - 15. Is t(q) a composite number?
False
Let r be (-1165 - (-5 - -5))*-11. Let k(j) = 1025*j**2 + 3*j + 5. Let m be k(-2). Suppose 6*l - r = m. Is l prime?
True
Let l(b) = -b**3 + 28*b**2 + 8*b + 72. Let w be l(28). Let m = w - -13533. Is m composite?
False
Suppose -3*f = -7*f + 4. Suppose 0 = -60*q - 0*q - 171180. Is q*(0 + f)*(-9)/27 composite?
True
Let r(m) = -m + 6. Let p be r(-4). Suppose 0 = p*s - 35 - 5. Suppose 0 = n + s*n, -2*n + 2007 = 3*g. Is g a composite number?
True
Let b = -2011 - -3644. Is b a composite number?
True
Suppose -23*n = -1385635 + 389436. Is n composite?
False
Let l(b) = -2*b + 40. Let i be l(13). Is (-106)/i + 7 - (-14333)/7 a prime number?
False
Let s be (-2 - -2)*12/(-24). Suppose s = -78*y + 91*y - 3913. Is y prime?
False
Suppose -5*p + 15 = 0, 11518 - 4766 = z - 3*p. Is z a prime number?
True
Let l(w) = w**3 - w**2 + w - 3961. Let y(i) = -i**3 - i**2 - 2*i + 3961. Let x(n) = -4*l(n) - 3*y(n). Is x(0) a composite number?
True
Suppose -20 = 5*z, 6*z + 963481 = 3*t + 8*z. Is t a prime number?
True
Suppose 60*w = 53*w. Suppose v - 8862 + 1783 = w. Is v composite?
False
Let u = 877 - 1994. Let b = -1964 - -5050. Let a = b + u. Is a a prime number?
False
Let u(j) = 736*j - 79. Let t be u(-12). Let s = -5252 - t. Is s composite?
False
Is 22/((-175)/(-70) - 265382/106156) a prime number?
False
Let k(y) = -27*y**3 + 43*y**2 + 230*y + 7. Is k(-6) a prime number?
True
Is 44/154 + 949374/14 + (-4)/(-14) prime?
False
Suppose 83418 - 536328 = -6*z. Suppose -16*g + z = 30381. Is g composite?
False
Let o(v) = -8*v**2 - 17*v + 19. Let j(i) = 9*i**2 + 17*i - 18. Let t(x) = 3*j(x) + 2*o(x). Is t(-10) prime?
False
Let p be ((-1)/(-8)*2)/((-7)/(-56)). Suppose -p*o + 3*m = -4, 7 - 3 = 2*o + 2*m. Suppose d - 3 + 294 = 3*j, -o*d = j - 97. Is j prime?
True
Let k be 12/66 - (238/(-22) - 1). Suppose k = 2*f + 6. Suppose -2*g + f*d - 2*d = -4198, -8 = -2*d. Is g a prime number?
False
Suppose 0 = 250*m - 240*m - 183310. Is m a composite number?
True
Suppose -4*d + 27557 + 1743 = 4*i, 3*i + 2*d = 21979. Suppose -4*c + i + 13663 = 0. Suppose -5*q = -0*o - o - c, 0 = -o - 3. Is q prime?
True
Suppose -2*s + 3925 = -5*u, -3*s = -14 - 1. Suppose -9 = -3*x + 3*l, -x - 3*x - 2*l = -30. Is 164/x*u/(-18) composite?
True
Suppose -1086*f = 3*z - 1085*f - 804007, 5*z - 1340019 = 2*f. Is z prime?
True
Suppose -9548*n = -9543*n - 36265. Is n a composite number?
False
Let v(n) = 214*n + 7. Let w be (-5)/(-1) - (4 + -10 - -5). Is v(w) a composite number?
False
Suppose 27*d + 78608 = 35*d. Is -3 - ((d - 4)/(-3) + 0) a prime number?
True
Suppose 22*u - 24*u + 7412 = 0. Let c = 6869 - u. Is c prime?
True
Suppose 1 = k - 3. Suppose -m + k*m = 9. Suppose a + g - 688 = 0, -3*a = -g + m*g - 2061. Is a a composite number?
True
Let w(q) = -1687*q + 211561. Is w(0) a composite number?
True
Suppose -103*d = 2*b - 98*d - 263011, 3*b - 394533 = -2*d. Is b composite?
True
Let u = 5997 + 34590. Let o = u - 20626. Is o a prime number?
True
Suppose 8*i + 21 = 37. Suppose -4*l - 22666 - 3263 = -t, 2*l - 51898 = -i*t. Is t prime?
False
Is ((-25)/((-450)/8673426))/(9/6) a composite number?
True
Suppose -18*r + 4031228 + 1262913 = -8386633. Is r a composite number?
False
Let g be 2 - 2 - (-3)/(-1) - -5. Suppose 2*z = g*q - 2 - 4, -2*z = -5*q. Is 67/(q/5*20/(-16)) composite?
True
Suppose 97*u = 83*u. Suppose u = -7*o + 117472 - 27095. Is o a composite number?
False
Is (-1 - -15 - -573759) + 12 composite?
True
Let c(n) = -n**2 + 7*n - 10. Let h be c(14). Let s be (-22)/(-6) + -6*6/h. Suppose 3*o - 4*b = 133, 5*o - 250 = 5*b - s*b. Is o a prime number?
False
Let y be ((-62546)/44)/(2/(-4)). Let z = -1656 + y. Is z prime?
True
Suppose 2*h = -5*m + 298, -4*m - 1166 = -5*h - 355. Let o be 20/4*h/(-5). Is 3 - 6 - (-1 + o) a composite number?
False
Let z(w) = -w**3 + 75*w**2 - 109*w + 315. Is z(68) prime?
False
Let p(h) = -56450*h + 909. Is p(-5) composite?
False
Let l(i) = i**3 - 18*i**2 + i - 18. Let w be l(18). Suppose w*p + 0*p = -2*p. Suppose -4*c = -5*b + 4175, p*c + 2*c - 849 = -b. Is b a composite number?
False
Suppose 218769 = 3*p + 3*x - 2*x, -4*x = 4*p - 291700. Suppose l + 2*l - 5*s + 54695 = 0, -p = 4*l - 2*s. Is ((-14)/(-4) + -2)*l/(-15) a prime number?
True
Let n = 60 + -56. Suppose -15 = -n*b + 5. Is 3/(b - (-935)/(-190)) prime?
False
Let y = -6506 + 14330. Let h = y - 3553. Is h prime?
True
Suppose -a = 2